factor of f and 10?
10
Let a(v) = v**3 - 7*v**2 - 11*v - 6. Let l be a(9). Let n(f) = f**3 - 2*f**2 + f + 2. Let r be n(4). What is the greatest common factor of l and r?
19
Let a = 90 - 75. What is the greatest common divisor of 45 and a?
15
Suppose 3*m + 4*c + 30 = 0, -2*m - 2*m - 40 = -5*c. Let f = 4 + m. Let y be f/(-1) + 0/1. Calculate the highest common divisor of 4 and y.
2
Suppose 0 = -3*p - 0*p + 6. Let o(g) = 4*g - 2. Let b be o(p). Calculate the highest common divisor of b and 6.
6
Suppose -2*u = 4*w + 2*u - 4, 2*u - 2 = 3*w. Suppose -t - 153 = f - 6*f, -5*f - 3*t + 141 = w. What is the greatest common divisor of 10 and f?
10
Let s be (36/(-14))/((-3)/21). Let z be (s/4)/(3/6). Suppose -n + 3*j = -j - 40, 4*j + 76 = 2*n. What is the highest common factor of z and n?
9
Suppose 172 - 18 = 5*x - 3*y, 5*x = -4*y + 168. Let p be x/12*(-6)/(-2). Calculate the greatest common divisor of p and 56.
8
Suppose -11*d + 74 + 267 = 0. What is the greatest common factor of d and 217?
31
Let f = -54 - -61. Let i = 157 + -80. What is the highest common divisor of f and i?
7
Suppose -5*i - 84 = -4*k, 0 = 5*k - 3*k - i - 42. Suppose k = s - d, 5*s + 5*d - 73 = 72. Let q = 25 - 20. Calculate the greatest common divisor of q and s.
5
Suppose 2*l = -10, 3*l - 34 = -3*n + 8*l. Let h = -1 + n. Suppose 2*f + 281 - 285 = 0. What is the highest common factor of f and h?
2
Suppose r = 5*r - 56. Suppose -2*k + r = 12. What is the greatest common factor of 8 and k?
1
Let i = -87 + 142. What is the greatest common factor of 5 and i?
5
Suppose -4*h + 14 = -0*i + 3*i, 3*h + 5*i - 5 = 0. Let n = 5 - 0. Calculate the highest common factor of h and n.
5
Let u(f) = f**3 + 5*f**2 - f - 3. Let n be u(-5). Let a be 226/14 + 11/(-77). Calculate the greatest common divisor of a and n.
2
Let o = 1 - 2. Let k = -1 - o. Suppose w = -3*v + 378, -5*w + 3*w = k. Calculate the highest common divisor of 14 and v.
14
Let h = 4 + -4. Suppose -16 - 13 = -u - 5*t, 3*u - 2*t - 2 = h. Suppose 0 = -2*n + 2*v - 0 + u, 3*n + 4*v = 41. What is the greatest common factor of 14 and n?
7
Suppose -38 = -3*p + 5*m, -2*p + 3*m + 6 = -3*p. Calculate the highest common factor of p and 6.
6
Let i be -3*75 + -2 + 1. Let f be i/(-6) - 4/(-12). What is the greatest common factor of 95 and f?
19
Suppose 3*i + 0*i - 30 = 0. Let r = 27 - -3. Suppose -5*y = -4*y - r. What is the highest common divisor of i and y?
10
Let j be (-3)/((-2)/(3 + 21)). Suppose 2*f = -j + 148. Calculate the highest common divisor of 8 and f.
8
Suppose 0 = -0*g - g + 6. Suppose a - 2 = y, -3*a + 5*y = a - g. Suppose 3*c - 119 = -2*v, v - 43 = -0*v + a*c. What is the greatest common divisor of v and 5?
5
Suppose 2*h - 2 = -2*p, 2*h + 0*p - 2*p = 6. Suppose 3*x + 4*x - 140 = 0. What is the greatest common factor of h and x?
2
Let b(n) = 17*n - 11. Let k be b(7). Calculate the highest common factor of 12 and k.
12
Let f = 19 - 10. What is the greatest common divisor of 6 and f?
3
Let d = 123 - 117. Let u(b) = -b + 1. Let m be u(3). Let z be ((-8)/6)/(m/99). Calculate the highest common divisor of z and d.
6
Let r(m) = m**2 + 3*m + 9. Let o be r(-6). What is the greatest common factor of o and 27?
27
Let l(b) be the first derivative of -3/2*b**2 - 8/3*b**3 + 1/4*b**4 + 3 - 10*b. Let u be l(9). What is the greatest common divisor of 4 and u?
4
Suppose -5*g = -g - 104. Let r be 3 - ((-6)/10 - (-307)/(-5)). Calculate the greatest common divisor of r and g.
13
Suppose 2*c + 72 = 3*a - 42, -4*a + 154 = -2*c. Let x(b) = b + 1. Let m be x(7). What is the greatest common factor of m and a?
8
Let t be -1 - (-1 + 1) - -3. Let f be (-2)/(-4) - 65/(-2). Suppose -2*l = k - 16, -5*l - 5 + f = k. Calculate the greatest common factor of t and k.
2
Let t(l) = 2*l + 7. Suppose 5*a - 2*s = 18, s - 6*s - 15 = -5*a. Let b be t(a). What is the greatest common divisor of 15 and b?
15
Suppose k = 3*y - 113, -y + 50 = 2*k + 10. Calculate the greatest common factor of 190 and y.
38
Let x be (42/(-2))/((4/(-36))/1). What is the greatest common divisor of 27 and x?
27
Suppose 5 = -2*k - 5. Let d be ((-10)/k)/((-4)/(-198)). Calculate the greatest common divisor of 9 and d.
9
Let b be 255 + (-3 + 3)/3. Suppose 6*c = c + b. What is the highest common divisor of c and 34?
17
Let p(m) be the first derivative of m**2 + 33/4*m**4 - 2 - 1/3*m**3 - m. Let n be p(1). What is the greatest common divisor of 3 and n?
3
Let p = 50 - 30. Calculate the greatest common divisor of 220 and p.
20
Let d(g) = g**2 - 16*g - 3. Let r be d(14). Let a = -23 - r. What is the highest common divisor of a and 8?
8
Suppose 2*h + 11 = 51. Suppose -5*i - 5 = -h. Let x(d) = d**3 + d**2. Let p be x(1). Calculate the highest common factor of p and i.
1
Suppose -v - 4*v = -60. What is the greatest common factor of 60 and v?
12
Let h be 15 - (-1 + 1 + 3). Let a(x) = -x**2 + 11*x + 16. Let j be a(h). Suppose 0*f + 40 = j*f. Calculate the highest common factor of f and 80.
10
Suppose i - 3*j + 1 = 0, 0*j = i + 3*j - 5. Suppose 0*z + i = -z, a = 4*z + 9. What is the greatest common divisor of a and 8?
1
Let r = -8 - -9. Calculate the greatest common factor of r and 11.
1
Let q(r) = r + 8. Let a be q(-4). Let g = -8 + 0. Let n(z) = -z**2 - 9*z + 2. Let t be n(g). What is the highest common divisor of t and a?
2
Let s(b) = -b**3 - 11*b**2 + 4*b - 1. Let f be s(-12). Let k be 4 - (-2 - 13)*1. What is the greatest common factor of f and k?
19
Let p(k) = 2*k**2 + 2*k - 3. Let a be p(-6). Suppose 29*l = 34*l - 95. Calculate the greatest common divisor of l and a.
19
Let x(p) = 54*p + 1. Let o be x(1). Let q be ((-1)/(-5) - (-7)/(-10))*-22. Calculate the greatest common divisor of o and q.
11
Let d be 50*((-9)/(-6))/(-3). Let i = d + 37. What is the greatest common divisor of 4 and i?
4
Let d(q) = -q**2 + q + 10. Let j be 5/(-25) - (-2)/10. Let i be d(j). Let h(k) = 30*k. Let n be h(3). Calculate the highest common divisor of n and i.
10
Let k be 12/(-2)*-37 + 2/(-1). What is the highest common divisor of k and 20?
20
Suppose -4*a + 5*u = 955 + 1192, -u - 539 = a. Let o = a - -769. Suppose 3*b = 3*m + 267, 4*b - 131 - o = -2*m. What is the highest common factor of b and 15?
15
Let j(b) = 2*b**2 - 3*b - 4. Let x be j(4). Let t = 59 - 27. Calculate the highest common factor of t and x.
16
Let l = -3 - -1. Let q be -1 - (-3 + (-3 - l)). Let v = 3 - 0. What is the greatest common divisor of v and q?
3
Let j = 44 - 38. What is the greatest common divisor of 8 and j?
2
Suppose 0 = 13*v - 5*v - 416. What is the greatest common factor of 13 and v?
13
Suppose f + 0*f - 5 = -x, -1 = x - 5*f. Let m be (0 + -2)/(2/x). Let a = m - -10. Calculate the greatest common factor of 42 and a.
6
Let b = -10 + 32. Let z(j) = 2*j**3 + 3*j**2 + 3*j - 2. Let w be z(3). What is the highest common factor of w and b?
22
Suppose r = -0 + 2. Suppose 0*i = r*i - 50. What is the highest common divisor of i and 5?
5
Let s(l) = l**3 + 14*l**2 + 11*l - 16. Let f be s(-13). Suppose 20 = w + 2*a, 10 = 4*a - 2*a. What is the highest common factor of w and f?
10
Let v(y) = 3*y**2 + 2*y - 1. Let i be v(1). Suppose 0 = 2*w, 4*f = f - i*w + 42. What is the highest common factor of f and 112?
14
Let f = 5 - -6. Suppose -3*w + 25 = 5*h + w, 0 = h + 2*w - f. Let z be 16 + 5 - -3*h. Calculate the highest common factor of z and 36.
12
Suppose 2*y - 10 = 0, 0 = -3*k - 2*y - y + 39. Calculate the greatest common factor of k and 8.
8
Let u be 3/3 + (-14)/2. Let b(w) = -2*w**3 - 8*w**2 + 3*w - 6. Let f be b(u). Suppose -7*c + 3*c = -f. What is the greatest common divisor of 10 and c?
10
Let y be 1/((-15)/(-6) - 2). Let p be 16/24 + (-1)/(-3). Calculate the greatest common divisor of y and p.
1
Suppose 3*i = 3*w + 183, 0 = 5*i - w - w - 320. Let l(j) = 2*j + 4. Let a be l(9). What is the greatest common divisor of a and i?
22
Let y be (24/5)/(10/((-400)/(-12))). What is the greatest common divisor of 40 and y?
8
Let o(f) = f**2 + 4*f + 9. Let s be o(-4). Calculate the highest common factor of 63 and s.
9
Let m(b) = -b**2 - 29*b - 174. Let f be m(-15). Suppose 43 + 5 = 2*r. Calculate the greatest common divisor of r and f.
12
Let u = 54 + -42. Let r be 15/(-2)*(-48)/10. Calculate the highest common divisor of r and u.
12
Suppose 2*v = 7*v - 50. Let u = 27 - 